{"id":48,"date":"2024-04-14T16:13:01","date_gmt":"2024-04-14T14:13:01","guid":{"rendered":"http:\/\/usrs.prodeco-propisi.com\/usrswp\/wordpress\/?page_id=48"},"modified":"2024-04-14T20:25:32","modified_gmt":"2024-04-14T18:25:32","slug":"jahorina-2014","status":"publish","type":"page","link":"http:\/\/usrs.prodeco-propisi.com\/usrswp\/wordpress\/savjetovanja\/jahorina-2014\/","title":{"rendered":"Jahorina 2014"},"content":{"rendered":"\n<p>Ovde mo\u017eete na\u0107i zaklju\u010dke sa XIX savjetovanja na Jahorini.<\/p>\n\n\n\n<p><a href=\"http:\/\/usrs.prodeco-propisi.com\/usrswp\/wordpress\/wp-content\/uploads\/2024\/04\/ZAKLJUCCI-SA-IX-SAVJETOVANJE-IZ-GRADJANSKE-OBLASTI.pdf\" data-type=\"attachment\" data-id=\"115\">Zaklju\u010dci sa XIX savjetovanja na Jahorini 2014<\/a><\/p>\n\n\n\n<p>Slike sa savjetovanja \u2013 Jahorina 2014<\/p>\n\n\n\n<figure class=\"wp-block-gallery has-nested-images columns-default is-cropped wp-block-gallery-1 is-layout-flex wp-block-gallery-is-layout-flex\">\n<figure class=\"wp-block-image size-large\"><img loading=\"lazy\" decoding=\"async\" width=\"640\" height=\"480\" data-id=\"114\" src=\"http:\/\/usrs.prodeco-propisi.com\/usrswp\/wordpress\/wp-content\/uploads\/2024\/04\/dscn6007_640x480.jpg\" alt=\"\" class=\"wp-image-114\" srcset=\"http:\/\/usrs.prodeco-propisi.com\/usrswp\/wordpress\/wp-content\/uploads\/2024\/04\/dscn6007_640x480.jpg 640w, http:\/\/usrs.prodeco-propisi.com\/usrswp\/wordpress\/wp-content\/uploads\/2024\/04\/dscn6007_640x480-300x225.jpg 300w\" sizes=\"auto, (max-width: 640px) 100vw, 640px\" \/><\/figure>\n\n\n\n<figure class=\"wp-block-image size-large\"><img loading=\"lazy\" decoding=\"async\" width=\"640\" height=\"480\" data-id=\"112\" src=\"http:\/\/usrs.prodeco-propisi.com\/usrswp\/wordpress\/wp-content\/uploads\/2024\/04\/dscn6000_640x480.jpg\" alt=\"\" class=\"wp-image-112\" srcset=\"http:\/\/usrs.prodeco-propisi.com\/usrswp\/wordpress\/wp-content\/uploads\/2024\/04\/dscn6000_640x480.jpg 640w, http:\/\/usrs.prodeco-propisi.com\/usrswp\/wordpress\/wp-content\/uploads\/2024\/04\/dscn6000_640x480-300x225.jpg 300w\" sizes=\"auto, (max-width: 640px) 100vw, 640px\" \/><\/figure>\n\n\n\n<figure class=\"wp-block-image size-large\"><img loading=\"lazy\" decoding=\"async\" width=\"640\" height=\"480\" data-id=\"113\" src=\"http:\/\/usrs.prodeco-propisi.com\/usrswp\/wordpress\/wp-content\/uploads\/2024\/04\/dscn6002_640x480.jpg\" alt=\"\" class=\"wp-image-113\" srcset=\"http:\/\/usrs.prodeco-propisi.com\/usrswp\/wordpress\/wp-content\/uploads\/2024\/04\/dscn6002_640x480.jpg 640w, http:\/\/usrs.prodeco-propisi.com\/usrswp\/wordpress\/wp-content\/uploads\/2024\/04\/dscn6002_640x480-300x225.jpg 300w\" sizes=\"auto, (max-width: 640px) 100vw, 640px\" \/><\/figure>\n\n\n\n<figure class=\"wp-block-image size-large\"><img loading=\"lazy\" decoding=\"async\" width=\"640\" height=\"428\" data-id=\"110\" src=\"http:\/\/usrs.prodeco-propisi.com\/usrswp\/wordpress\/wp-content\/uploads\/2024\/04\/dsc_1911_640x428.jpg\" alt=\"\" class=\"wp-image-110\" srcset=\"http:\/\/usrs.prodeco-propisi.com\/usrswp\/wordpress\/wp-content\/uploads\/2024\/04\/dsc_1911_640x428.jpg 640w, http:\/\/usrs.prodeco-propisi.com\/usrswp\/wordpress\/wp-content\/uploads\/2024\/04\/dsc_1911_640x428-300x201.jpg 300w\" sizes=\"auto, (max-width: 640px) 100vw, 640px\" \/><\/figure>\n\n\n\n<figure class=\"wp-block-image size-large\"><img loading=\"lazy\" decoding=\"async\" width=\"640\" height=\"480\" data-id=\"111\" src=\"http:\/\/usrs.prodeco-propisi.com\/usrswp\/wordpress\/wp-content\/uploads\/2024\/04\/dscn5995_640x480.jpg\" alt=\"\" class=\"wp-image-111\" srcset=\"http:\/\/usrs.prodeco-propisi.com\/usrswp\/wordpress\/wp-content\/uploads\/2024\/04\/dscn5995_640x480.jpg 640w, http:\/\/usrs.prodeco-propisi.com\/usrswp\/wordpress\/wp-content\/uploads\/2024\/04\/dscn5995_640x480-300x225.jpg 300w\" sizes=\"auto, (max-width: 640px) 100vw, 640px\" \/><\/figure>\n\n\n\n<figure class=\"wp-block-image size-large\"><img loading=\"lazy\" decoding=\"async\" width=\"640\" height=\"428\" data-id=\"109\" src=\"http:\/\/usrs.prodeco-propisi.com\/usrswp\/wordpress\/wp-content\/uploads\/2024\/04\/dsc_1907_640x428.jpg\" alt=\"\" class=\"wp-image-109\" srcset=\"http:\/\/usrs.prodeco-propisi.com\/usrswp\/wordpress\/wp-content\/uploads\/2024\/04\/dsc_1907_640x428.jpg 640w, http:\/\/usrs.prodeco-propisi.com\/usrswp\/wordpress\/wp-content\/uploads\/2024\/04\/dsc_1907_640x428-300x201.jpg 300w\" sizes=\"auto, (max-width: 640px) 100vw, 640px\" \/><\/figure>\n<\/figure>\n","protected":false},"excerpt":{"rendered":"<p>Ovde mo\u017eete na\u0107i zaklju\u010dke sa XIX savjetovanja na Jahorini. Zaklju\u010dci sa XIX savjetovanja na Jahorini 2014 Slike sa savjetovanja \u2013 Jahorina 2014<\/p>\n","protected":false},"author":1,"featured_media":0,"parent":18,"menu_order":41,"comment_status":"closed","ping_status":"closed","template":"","meta":{"footnotes":""},"class_list":["post-48","page","type-page","status-publish","hentry"],"_links":{"self":[{"href":"http:\/\/usrs.prodeco-propisi.com\/usrswp\/wordpress\/wp-json\/wp\/v2\/pages\/48","targetHints":{"allow":["GET"]}}],"collection":[{"href":"http:\/\/usrs.prodeco-propisi.com\/usrswp\/wordpress\/wp-json\/wp\/v2\/pages"}],"about":[{"href":"http:\/\/usrs.prodeco-propisi.com\/usrswp\/wordpress\/wp-json\/wp\/v2\/types\/page"}],"author":[{"embeddable":true,"href":"http:\/\/usrs.prodeco-propisi.com\/usrswp\/wordpress\/wp-json\/wp\/v2\/users\/1"}],"replies":[{"embeddable":true,"href":"http:\/\/usrs.prodeco-propisi.com\/usrswp\/wordpress\/wp-json\/wp\/v2\/comments?post=48"}],"version-history":[{"count":2,"href":"http:\/\/usrs.prodeco-propisi.com\/usrswp\/wordpress\/wp-json\/wp\/v2\/pages\/48\/revisions"}],"predecessor-version":[{"id":116,"href":"http:\/\/usrs.prodeco-propisi.com\/usrswp\/wordpress\/wp-json\/wp\/v2\/pages\/48\/revisions\/116"}],"up":[{"embeddable":true,"href":"http:\/\/usrs.prodeco-propisi.com\/usrswp\/wordpress\/wp-json\/wp\/v2\/pages\/18"}],"wp:attachment":[{"href":"http:\/\/usrs.prodeco-propisi.com\/usrswp\/wordpress\/wp-json\/wp\/v2\/media?parent=48"}],"curies":[{"name":"wp","href":"https:\/\/api.w.org\/{rel}","templated":true}]}}