{"id":34,"date":"2024-04-14T16:06:45","date_gmt":"2024-04-14T14:06:45","guid":{"rendered":"http:\/\/usrs.prodeco-propisi.com\/usrswp\/wordpress\/?page_id=34"},"modified":"2024-04-14T16:31:54","modified_gmt":"2024-04-14T14:31:54","slug":"upravni-odbor","status":"publish","type":"page","link":"http:\/\/usrs.prodeco-propisi.com\/usrswp\/wordpress\/organi\/upravni-odbor\/","title":{"rendered":"Upravni odbor"},"content":{"rendered":"\n<p><strong>\u010cLANOVI UPRAVNOG ODBORA<\/strong><\/p>\n\n\n\n<ol class=\"wp-block-list\">\n<li>Velimir Ninkovi\u0107, predsjednik<br>Vi\u0161i privredni sud Banjaluka<\/li>\n\n\n\n<li>Vesna Mi\u0161i\u0107, \u010dlan<br>Okru\u017eni sud Banjaluka<\/li>\n\n\n\n<li>Dragoslav Erdeli\u0107, \u010dlan<br>Okru\u017eni sud Bijeljina<\/li>\n\n\n\n<li>Milenko Mileki\u0107, \u010dlan<br>Osnovni sud Banjaluka<\/li>\n\n\n\n<li>Danijela Elenkov, \u010dlan<br>Osnovni sud Prijedor<\/li>\n\n\n\n<li>Nada Arseni\u0107, \u010dlan<br>Okru\u017eni privredni sud Doboj<\/li>\n\n\n\n<li>Strahinja \u0106urkovi\u0107, \u010dlan<br>Vrhovni sud RS<\/li>\n\n\n\n<li>Aid Hanu\u0161i\u0107, \u010dlan<br>Osnovni sud Bijeljina<\/li>\n\n\n\n<li>Zorica Stoli\u0107, \u010dlan<br>Osnovni sud \u0160amac<\/li>\n<\/ol>\n","protected":false},"excerpt":{"rendered":"<p>\u010cLANOVI UPRAVNOG ODBORA<\/p>\n","protected":false},"author":1,"featured_media":0,"parent":14,"menu_order":21,"comment_status":"closed","ping_status":"closed","template":"","meta":{"footnotes":""},"class_list":["post-34","page","type-page","status-publish","hentry"],"_links":{"self":[{"href":"http:\/\/usrs.prodeco-propisi.com\/usrswp\/wordpress\/wp-json\/wp\/v2\/pages\/34","targetHints":{"allow":["GET"]}}],"collection":[{"href":"http:\/\/usrs.prodeco-propisi.com\/usrswp\/wordpress\/wp-json\/wp\/v2\/pages"}],"about":[{"href":"http:\/\/usrs.prodeco-propisi.com\/usrswp\/wordpress\/wp-json\/wp\/v2\/types\/page"}],"author":[{"embeddable":true,"href":"http:\/\/usrs.prodeco-propisi.com\/usrswp\/wordpress\/wp-json\/wp\/v2\/users\/1"}],"replies":[{"embeddable":true,"href":"http:\/\/usrs.prodeco-propisi.com\/usrswp\/wordpress\/wp-json\/wp\/v2\/comments?post=34"}],"version-history":[{"count":2,"href":"http:\/\/usrs.prodeco-propisi.com\/usrswp\/wordpress\/wp-json\/wp\/v2\/pages\/34\/revisions"}],"predecessor-version":[{"id":62,"href":"http:\/\/usrs.prodeco-propisi.com\/usrswp\/wordpress\/wp-json\/wp\/v2\/pages\/34\/revisions\/62"}],"up":[{"embeddable":true,"href":"http:\/\/usrs.prodeco-propisi.com\/usrswp\/wordpress\/wp-json\/wp\/v2\/pages\/14"}],"wp:attachment":[{"href":"http:\/\/usrs.prodeco-propisi.com\/usrswp\/wordpress\/wp-json\/wp\/v2\/media?parent=34"}],"curies":[{"name":"wp","href":"https:\/\/api.w.org\/{rel}","templated":true}]}}