{"id":32,"date":"2024-04-14T16:05:45","date_gmt":"2024-04-14T14:05:45","guid":{"rendered":"http:\/\/usrs.prodeco-propisi.com\/usrswp\/wordpress\/?page_id=32"},"modified":"2024-04-14T16:31:00","modified_gmt":"2024-04-14T14:31:00","slug":"skupstina","status":"publish","type":"page","link":"http:\/\/usrs.prodeco-propisi.com\/usrswp\/wordpress\/organi\/skupstina\/","title":{"rendered":"Skup\u0161tina"},"content":{"rendered":"\n<p><strong>DELEGATI SKUP\u0160TINE UDRU\u017dENJA SUDIJA RS<\/strong><\/p>\n\n\n\n<ol class=\"wp-block-list\">\n<li>Darko Stameni\u0107, Okru\u017eni sud Banjaluka &#8211; PREDSJEDNIK SKUP\u0160TINE<\/li>\n\n\n\n<li>Dragana \u0160vraka-Pani\u0107, Osnovni sud Prnjavor &#8211; ZAMJENIK PREDSJEDNIKA SKUP\u0160TINE<\/li>\n\n\n\n<li>Zoran D\u017eida, Okru\u017eni sud Bijeljina<\/li>\n\n\n\n<li>Elbisa Muharemovi\u0107 Kari\u0107, Okru\u017eni sud Bijeljina<\/li>\n\n\n\n<li>\u0110ura\u0111 Kozomara, Osnovni sud Kozarska Dubica<\/li>\n\n\n\n<li>Ana Tomi\u0107-Ignjati\u0107, Okru\u017eni privredni sud Banjaluka<\/li>\n\n\n\n<li>Sandra Budi\u0161a, Okru\u017eni privredni sud Banjaluka<\/li>\n\n\n\n<li>Dajana Mili\u0107evi\u0107, Osnovni sud \u0160amac<\/li>\n\n\n\n<li>Veselinka Ivanovi\u0107, Okru\u017eni sud Isto\u010dno Sarajevo<\/li>\n\n\n\n<li>Branimir Maleti\u0107, Osnovni sud Gradi\u0161ka<\/li>\n\n\n\n<li>Predrag Grahovac, Osnovni sud Gradi\u0161ka<\/li>\n\n\n\n<li>Renata Stojanovi\u0107-Kuzmanovi\u0107, Osnovni sud Modri\u010da<\/li>\n\n\n\n<li>Snje\u017eana Cepi\u0107, Okru\u017eni privredni sud Prijedor<\/li>\n\n\n\n<li>Milena \u0110ekanovi\u0107, Osnovni sud Tesli\u0107<\/li>\n\n\n\n<li>Slavi\u0161a Nikoli\u0107, Osnovni sud Srebrenica<\/li>\n\n\n\n<li>Marijana Lazi\u0107 Miladinovi\u0107, Okru\u017eni sud Doboj<\/li>\n\n\n\n<li>Azmira Mejru\u0161i\u0107, Okru\u017eni sud Doboj<\/li>\n\n\n\n<li>An\u0111elko Vra\u010dar, Osnovni sud Mrkonji\u0107 Grad<\/li>\n\n\n\n<li>Dragomir Obradovi\u0107, Okru\u017eni sud Banjaluka<\/li>\n\n\n\n<li>Milica \u0110uri\u0107, Okru\u017eni sud Banjaluka<\/li>\n\n\n\n<li>Milica Peri\u0107, Osnovni sud Bijeljina<\/li>\n\n\n\n<li>Sini\u0161a Lazarevi\u0107, Osnovni sud Bijeljina<\/li>\n\n\n\n<li>\u017deljka Vaki\u010di\u0107, Osnovni sud Bijeljina<\/li>\n\n\n\n<li>Dra\u017eenko Lugonja, Okru\u017eni privredni sud Bijeljina<\/li>\n\n\n\n<li>Brankica Stojakovi\u0107 Kvaternik, Okru\u017eni privredni sud Doboj<\/li>\n\n\n\n<li>Gordana Vinoj\u010di\u0107 Topi\u0107, Osnovni sud Kotor Varo\u0161<\/li>\n\n\n\n<li>Nata\u0161a Bo\u0161kovi\u0107, Vi\u0161i privredni sud Banjaluka<\/li>\n\n\n\n<li>Tatjana Radulj, Osnovni sud Novi Grad<\/li>\n\n\n\n<li>Vanja Mehad\u017ei\u0107, Osnovni sud Prijedor<\/li>\n\n\n\n<li>\u017darka Puzi\u0107, Osnovni sud Prijedor<\/li>\n\n\n\n<li>Aleksandra Timoti\u0107 Risti\u0107, Osnovni sud Vlasenica<\/li>\n\n\n\n<li>Nada Jovi\u010di\u0107 Jau\u0161evac, Osnovni sud Derventa<\/li>\n\n\n\n<li>Du\u0161ko Popi\u0107, Okru\u017eni sud Trebinje<\/li>\n\n\n\n<li>Du\u0161ko Miloica, Okru\u017eni sud Prijedor<\/li>\n\n\n\n<li>Ninoslav Golijanin, Osnovni sud Fo\u010da<\/li>\n\n\n\n<li>Bo\u017eana Vuli\u0107, Vrhovni sud RS<\/li>\n\n\n\n<li>Ljiljana Bo\u0161njak Glizijan, Vrhovni sud RS<\/li>\n\n\n\n<li>Mersida Bjelobrk, Vrhovni sud RS<\/li>\n\n\n\n<li>Biljana Vu\u010deti\u0107, Osnovni sud Banjaluka<\/li>\n\n\n\n<li>Igor Mari\u0107, Osnovni sud Banjaluka<\/li>\n\n\n\n<li>Milo\u0161 \u010cizmovi\u0107, Osnovni sud Banjaluka<\/li>\n\n\n\n<li>Monika Kova\u010devi\u0107, Osnovni sud Banjaluka<\/li>\n\n\n\n<li>Sanela Kori\u010di\u0107, Osnovni sud Banjaluka<\/li>\n\n\n\n<li>Vesna Mikerevi\u0107, Osnovni sud Doboj<\/li>\n\n\n\n<li>Sandra Rado\u0161-\u010catak, Okru\u017eni privredni sud Isto\u010dno Sarajevo<\/li>\n<\/ol>\n","protected":false},"excerpt":{"rendered":"<p>DELEGATI SKUP\u0160TINE UDRU\u017dENJA SUDIJA RS<\/p>\n","protected":false},"author":1,"featured_media":0,"parent":14,"menu_order":0,"comment_status":"closed","ping_status":"closed","template":"","meta":{"footnotes":""},"class_list":["post-32","page","type-page","status-publish","hentry"],"_links":{"self":[{"href":"http:\/\/usrs.prodeco-propisi.com\/usrswp\/wordpress\/wp-json\/wp\/v2\/pages\/32","targetHints":{"allow":["GET"]}}],"collection":[{"href":"http:\/\/usrs.prodeco-propisi.com\/usrswp\/wordpress\/wp-json\/wp\/v2\/pages"}],"about":[{"href":"http:\/\/usrs.prodeco-propisi.com\/usrswp\/wordpress\/wp-json\/wp\/v2\/types\/page"}],"author":[{"embeddable":true,"href":"http:\/\/usrs.prodeco-propisi.com\/usrswp\/wordpress\/wp-json\/wp\/v2\/users\/1"}],"replies":[{"embeddable":true,"href":"http:\/\/usrs.prodeco-propisi.com\/usrswp\/wordpress\/wp-json\/wp\/v2\/comments?post=32"}],"version-history":[{"count":2,"href":"http:\/\/usrs.prodeco-propisi.com\/usrswp\/wordpress\/wp-json\/wp\/v2\/pages\/32\/revisions"}],"predecessor-version":[{"id":61,"href":"http:\/\/usrs.prodeco-propisi.com\/usrswp\/wordpress\/wp-json\/wp\/v2\/pages\/32\/revisions\/61"}],"up":[{"embeddable":true,"href":"http:\/\/usrs.prodeco-propisi.com\/usrswp\/wordpress\/wp-json\/wp\/v2\/pages\/14"}],"wp:attachment":[{"href":"http:\/\/usrs.prodeco-propisi.com\/usrswp\/wordpress\/wp-json\/wp\/v2\/media?parent=32"}],"curies":[{"name":"wp","href":"https:\/\/api.w.org\/{rel}","templated":true}]}}

Skupština

<p><strong>DELEGATI SKUPŠTINE UDRUŽENJA SUDIJA RS</strong></p>



<ol class="wp-block-list">
<li>Darko Stamenić, Okružni sud Banjaluka &#8211; PREDSJEDNIK SKUPŠTINE</li>



<li>Dragana Švraka-Panić, Osnovni sud Prnjavor &#8211; ZAMJENIK PREDSJEDNIKA SKUPŠTINE</li>



<li>Zoran Džida, Okružni sud Bijeljina</li>



<li>Elbisa Muharemović Karić, Okružni sud Bijeljina</li>



<li>Đurađ Kozomara, Osnovni sud Kozarska Dubica</li>



<li>Ana Tomić-Ignjatić, Okružni privredni sud Banjaluka</li>



<li>Sandra Budiša, Okružni privredni sud Banjaluka</li>



<li>Dajana Milićević, Osnovni sud Šamac</li>



<li>Veselinka Ivanović, Okružni sud Istočno Sarajevo</li>



<li>Branimir Maletić, Osnovni sud Gradiška</li>



<li>Predrag Grahovac, Osnovni sud Gradiška</li>



<li>Renata Stojanović-Kuzmanović, Osnovni sud Modriča</li>



<li>Snježana Cepić, Okružni privredni sud Prijedor</li>



<li>Milena Đekanović, Osnovni sud Teslić</li>



<li>Slaviša Nikolić, Osnovni sud Srebrenica</li>



<li>Marijana Lazić Miladinović, Okružni sud Doboj</li>



<li>Azmira Mejrušić, Okružni sud Doboj</li>



<li>Anđelko Vračar, Osnovni sud Mrkonjić Grad</li>



<li>Dragomir Obradović, Okružni sud Banjaluka</li>



<li>Milica Đurić, Okružni sud Banjaluka</li>



<li>Milica Perić, Osnovni sud Bijeljina</li>



<li>Siniša Lazarević, Osnovni sud Bijeljina</li>



<li>Željka Vakičić, Osnovni sud Bijeljina</li>



<li>Draženko Lugonja, Okružni privredni sud Bijeljina</li>



<li>Brankica Stojaković Kvaternik, Okružni privredni sud Doboj</li>



<li>Gordana Vinojčić Topić, Osnovni sud Kotor Varoš</li>



<li>Nataša Bošković, Viši privredni sud Banjaluka</li>



<li>Tatjana Radulj, Osnovni sud Novi Grad</li>



<li>Vanja Mehadžić, Osnovni sud Prijedor</li>



<li>Žarka Puzić, Osnovni sud Prijedor</li>



<li>Aleksandra Timotić Ristić, Osnovni sud Vlasenica</li>



<li>Nada Jovičić Jauševac, Osnovni sud Derventa</li>



<li>Duško Popić, Okružni sud Trebinje</li>



<li>Duško Miloica, Okružni sud Prijedor</li>



<li>Ninoslav Golijanin, Osnovni sud Foča</li>



<li>Božana Vulić, Vrhovni sud RS</li>



<li>Ljiljana Bošnjak Glizijan, Vrhovni sud RS</li>



<li>Mersida Bjelobrk, Vrhovni sud RS</li>



<li>Biljana Vučetić, Osnovni sud Banjaluka</li>



<li>Igor Marić, Osnovni sud Banjaluka</li>



<li>Miloš Čizmović, Osnovni sud Banjaluka</li>



<li>Monika Kovačević, Osnovni sud Banjaluka</li>



<li>Sanela Koričić, Osnovni sud Banjaluka</li>



<li>Vesna Mikerević, Osnovni sud Doboj</li>



<li>Sandra Radoš-Čatak, Okružni privredni sud Istočno Sarajevo</li>
</ol>

<p>DELEGATI SKUPŠTINE UDRUŽENJA SUDIJA RS</p>
